 + 6*b - 14. Let w(a) = 11*s(a) + 6*x(a). Determine w(1).
6
Let k(r) = 4*r**2. Let y(x) = 4 - 2*x**3 + 0*x**2 + 11*x - 5*x**2 - 3*x**2. Let b be y(-5). Determine k(b).
4
Let r(o) be the first derivative of -o**7/840 + 7*o**6/360 - o**5/40 - o**4/4 - 7*o**3 - 5. Let c(g) be the third derivative of r(g). Give c(5).
29
Let b(j) = 14*j**2 - j - 1. Let i(l) = 3*l + 6. Let v be i(-2). Suppose z = -v*z - 1. Determine b(z).
14
Let p(n) = -n**3 + 9*n**2 + 12*n - 18. Let u be p(10). Let h(f) = -f - 1. Let y(s) = 5*s. Let c(k) = u*h(k) - 2*y(k). Calculate c(-2).
22
Let u(p) = -4*p**2 + 5*p. Let x be u(1). Let s(i) = 37*i**3 + 13*i**2 - 13*i + 2. Let n(c) = 19*c**3 + 7*c**2 - 7*c + 1. Let f(h) = 11*n(h) - 6*s(h). Give f(x).
-14
Let h(t) = t**2 - 11. Let z(g) = -21*g**2 + 88*g - 11. Let q be z(4). Give h(q).
14
Let u(v) be the first derivative of 2*v**2 - v - 689. Determine u(-5).
-21
Let r be 6/(-8) + 1236/48. Let z = 32 - r. Let o(a) = a**2 - 9*a + 7. Calculate o(z).
-7
Let r(a) = -a**3 - a**2 + a + 1. Suppose 2*v + 10 + 10 = 0. Let q(z) = z + 7. Let c be q(v). Let p = 1 + c. Calculate r(p).
3
Let p(a) = -a - 1. Let c(k) = 5*k + 2. Let n(l) = -c(l) - 2*p(l). Determine n(3).
-9
Let n(u) = -u**3 - 3*u**2 + 5*u - 1. Suppose 9*s + 7 = -38. Determine n(s).
24
Let w(p) = -5*p**3 - p**2 - 2*p. Let u(i) = -2*i - 76. Let d be u(-37). Calculate w(d).
40
Suppose 24 = -0*f - 2*f. Let c be 16/(-6)*f/(-8). Let w(k) = 7*k**2 - 17*k - 2. Let g(q) = -6*q**2 + 14*q + 1. Let v(m) = -6*g(m) - 5*w(m). Determine v(c).
16
Let b(v) = 2*v - 3 - 6 + 4. Give b(-7).
-19
Let k(p) = 5*p - 3. Let g(d) = -d**2 + 3*d - 6. Let f(b) = -g(b) + 2*k(b). Calculate f(-5).
-10
Let h(z) = z**2 - 2*z + 1. Let x(j) = -2*j - 1. Let k(d) = h(d) + 3*x(d). Give k(9).
7
Let i(g) = 27*g**3 + 2*g**2 + 2*g. Let r(f) = -f**2 - 2. Let j(b) = -i(b) - r(b). Determine j(1).
-28
Suppose 7*g - 4*g - 35 = -2*l, -3*l + 58 = 5*g. Let d(b) = b**2 - 12*b - 5. Calculate d(g).
-16
Suppose 11 = 9*o - 7. Suppose -22 = -4*q - 0*q - o*w, -w + 16 = 3*q. Let a(b) = -4*b**2 - 10*b + 5. Let y(j) = j**2 + j. Let d(r) = -a(r) - 5*y(r). Give d(q).
-5
Let b(y) = -y**2 + 6*y + 4. Let n = -46 - -49. Suppose 5 = 5*c + 4*l - 4, 0 = n*c + l - 11. Give b(c).
9
Let c(x) be the first derivative of x**2/2 - 7*x - 1. Suppose -6*z + 5*z = -u - 66, z - 57 = -2*u. Let n be (-306)/z + 2/(-14). Calculate c(n).
-12
Let c be ((-6)/(-4))/(3/18). Suppose 5*f = 36 + c. Suppose -4*r + f = -11. Let u(w) = w**3 - 6*w**2 + 6*w - 7. Give u(r).
-2
Let p be 1 - (1 + 0) - 1. Let a(s) be the first derivative of -s**7/210 + s**4/24 + 25*s**3/3 + 19. Let d(f) be the third derivative of a(f). What is d(p)?
5
Suppose 5*f + 10 = -4*k - 0, -5*f = -3*k - 25. Let h(u) = f - 4 - 6 + 7 + u. Determine h(-6).
-7
Let v(l) = 6. Let f(k) = 5*k - 2. Let x(g) = -f(g) + 7*v(g). Give x(7).
9
Let h(d) = -d**2 + 8*d - 15. Let i be (-1 + (-26)/4)*236/(-295). What is h(i)?
-3
Let n(t) = 2*t + 18. Let o be n(-8). Let p(i) = -4*i**2 + 2*i - 3 + 3*i**3 + 3*i + 0*i**o - 2*i**3. What is p(3)?
3
Let r(q) = -1 - q**3 + q - 2*q + 2. Suppose 3*g + 9 = 0, o + g + 7 = -28. Let j = 33 + o. What is r(j)?
-1
Let i(l) = 2*l**3 + 2*l**2 - 5*l - 2. Let c be 405/90*(-2)/3. Give i(c).
-23
Let q(i) = -2*i**2 - 4*i**2 + i**3 - 8*i + 0*i - 6 - 2*i**2. Let j be q(9). Let r(u) = 7*u**2 + 10 - 7*u - u**3 + 0*u**j - u - 3. Give r(6).
-5
Let r(y) = y - 3. Let g(p) = -2*p + 6. Let c(n) = n**3 + 12*n**2 - 15*n - 32. Let l be c(-13). Let x(s) = l*g(s) - 11*r(s). Calculate x(-3).
-6
Let v(k) = 5*k**2 - 12*k**2 + 416*k - 408*k - k**3 + k**3 - k**3 - 8. Give v(-8).
-8
Let z(r) = -6*r - 6. Suppose 0 = 7*q + 12 - 5. Let t be z(q). Let m(b) = b**3 - b**2 + b + 2. Calculate m(t).
2
Let o(p) = 10 - 10 - 2*p + 3*p. Let q(r) = 8*r + 9. Let u(t) = 2*o(t) - q(t). What is u(-6)?
27
Let d(q) = -27 + 99 - 7*q - 67 - 57. Determine d(-7).
-3
Let o be ((-24)/30)/(7/35). Let k(i) = 8*i + 9. Give k(o).
-23
Let v(w) = -w**3 - 7*w**2 + 10*w + 13. Let n = 2991 - 2999. Determine v(n).
-3
Let c = -1 + 0. Let z(p) be the second derivative of -1/2*p**2 - 1/2*p**3 + 0 - 7*p. What is z(c)?
2
Let o(n) = -32*n - 3. Let i(z) = 10*z + 1. Let v(l) = -13*i(l) - 4*o(l). What is v(-1)?
1
Let v(h) = 8*h**2 - 1. Suppose 6*o - 16 = 8. Suppose o*q = q - 3. Calculate v(q).
7
Let g(j) = 5*j**2 - 4*j + 2. Let m(w) = -14*w**2 + 11*w - 5. Let a(o) = -11*g(o) - 4*m(o). Let z be 3 - (-2 + 1) - 4. Calculate a(z).
-2
Let f(u) = u**3 + 10*u**2 - 13*u - 16. Let a be f(-11). Suppose 0 = 4*v + a - 46. Let h(p) = -p + p**3 - v*p**2 + 0*p**3 + 4*p**2 - 2*p**3. Determine h(-6).
6
Let c(z) = z**2 - 7*z + 6. Suppose -24*x + 25*x + 3*a + 8 = 0, 12 = -3*a. Determine c(x).
-6
Let m(x) = 10*x**3 + 25*x**2 + x + 10. Let t(p) = -3*p**3 - 8*p**2 - 3. Suppose -14 = 4*r - 2*r. Let a(w) = r*t(w) - 2*m(w). Let f = 12 + -18. What is a(f)?
13
Let n(r) = -r**3 - r**2 - r + 1. Let h(z) = 3*z**3 + 12*z**2 + 3*z + 6. Let m(w) = h(w) + 4*n(w). Let a(p) = -2*p - 4. Let d be a(-6). Calculate m(d).
2
Let h(q) = -q**2 - 4*q - 2. Suppose -7*w = -3*w. Suppose 3*n - 6 = -w*n. Suppose 8 - n = -2*i. Determine h(i).
1
Let w be (6 - 5)/(2/(-22)). Let b(v) = -v**3 - 12*v**2 - 13*v - 3. Determine b(w).
19
Let q be 18*(26/6 - 4). Suppose 0*u - 3*u = 2*r - q, 8 = -u - 4*r. Suppose 4 + u = -2*c. Let t(s) = s**2 + 5*s - 3. Determine t(c).
-7
Let u(t) = 2*t**2 - 3*t - 4. Let z(m) = m**2 - 4*m - 3. Let x(r) = 2*u(r) - 3*z(r). Suppose 4 = k + 10. Give x(k).
1
Let j(l) be the third derivative of l**6/120 + 7*l**5/60 + 5*l**4/24 + 2*l**3/3 + 44*l**2. What is j(-5)?
29
Let q(y) = -y**2 + 2. Let s be q(0). Suppose 58*z + 10 = -48. Let l = z + s. Let c(f) = -4*f + 1. What is c(l)?
-3
Let k = 487 - -17. Let b be 4 + (k/(-234) - 4/(-26)). Let l(x) = 3*x - 2. Calculate l(b).
4
Let g(x) = -x**3 + 5*x**2 + 6*x + 2. Suppose 2*j - j = 6. Calculate g(j).
2
Let z(g) be the third derivative of 7*g**4/24 - g**3/2 + 23*g**2. What is z(-4)?
-31
Let f(m) = -m**3 - 3*m**2 + 6*m + 6. Suppose 3 = 3*w - 5*o, -3*w - 5*o = w + 31. What is f(w)?
-2
Let u(t) be the first derivative of -t**2/2 + t + 106. What is u(6)?
-5
Let t(w) = -28*w**2 + 7*w**2 + 8*w + 11*w**2 + 6 + 9*w**2. Calculate t(6).
18
Suppose -6*x = -2 - 10. Let a be (-8)/24 + (x - (-17)/(-3)). Let l(s) be the third derivative of -s**5/60 - 7*s**4/24 - 5*s**3/6 + s**2. Calculate l(a).
7
Let h(j) = 2*j + 4*j**2 - j**3 + 1 - j - 4*j. Let u(l) be the second derivative of l**5/20 + l**4/3 - 2*l**3/3 + 4*l**2 - 42*l. Let w be u(-5). Calculate h(w).
1
Suppose 3*i - 2*r = -31, -i + 4*r = i + 34. Let c(t) = -t**2 - 6*t + 1. Determine c(i).
-6
Let j(x) = -8*x + 35. Let s be j(4). Let b(r) = -2*r**3 + 2*r**2 + 4*r. Give b(s).
-24
Let b(j) be the third derivative of -j**6/40 - j**5/30 - j**4/12 + 868*j**2. Calculate b(-3).
69
Let y(j) = -18*j + 39 - 13 - 10 - 15. What is y(-1)?
19
Suppose 9*h + 4 = 7*h. Let r be (h + -5)*6/(-21). Let n(u) = -3*u + 176 + r*u - 179. Give n(-6).
3
Suppose -2*o = 3*j + 17, -12*o + j + 4 = -11*o. Let h(r) = -19*r - 1. Calculate h(o).
18
Let d(g) = -9*g**2 - 4*g + 3. Suppose -20*w - 8*w + 56 = 0. What is d(w)?
-41
Let c = 85 - 77. Suppose 0 = -4*q - 3*v + 1 + c, -2*q + 17 = -v. Let d(z) = -z**3 + 7*z**2 - 9*z + 7. Determine d(q).
-11
Let d(y) = -308*y + 150*y + 157*y. Calculate d(-4).
4
Let l(a) = -a**2 - 16*a - 54. Let f(h) = h**3 - 3*h**2 - 21*h - 12. Let t be f(0). What is l(t)?
-6
Let r(v) be the second derivative of v**5/20 + v**4/4 + v**2/2 + 19*v. What is r(-3)?
1
Let i(a) be the second derivative of -a**4/12 + 5*a**3/6 + 5*a**2/2 + 3*a + 8. What is i(5)?
5
Suppose -5*v + 4*v = -50. Suppose 10*o + 0*o = v. Let f(x) = x**3 - 5*x**2. Determine f(o).
0
Let x(o) be the third derivative of o**5/60 + o**4/12 + 13*o**3/6 + 19*o**2. Let l(f) be the first derivative of x(f). Calculate l(-4).
-6
Let k(s) = -4*s + 4. Let c(j) = 3*j - 4. Let r(t) = 7*c(t) + 5*k(t). Give r(9).
1
Let d(h) be the second derivative of h**4/12 - h**3/6 + 17*h. What is d(-2)?
6
Suppose -r = 5*m + 20, -5*r + 13 = -3*m + 1. Let g(h) be the third derivative of -3*h**2 + 0 + r*h - 7/3*h**3 + 1/24*h**4. Determine g(6).
-8
Let t(b) = -b**2. Let p(x) = -x**2 + 14*x - 2. Let l(s) = s**2 + s + 1. Let r(g) = -3*l(g) + p(g). Let z(o) = -r(o) + 3*t(o). What is z(7)?
-23
Let g(x) = 3*x + 3